0
Suppose 3*q - 5 = 2*q. Suppose 27*w - 152 = 8*w. Suppose -5*s = -2*f - 14, -5*s = 3*f - 7*f - w. Calculate the greatest common divisor of f and q.
1
Let p(b) be the second derivative of 7*b**4/3 - 7*b**3/6 + 7*b**2 - 45*b. Let a be p(2). What is the highest common factor of a and 176?
16
Let l = -785 - -421. Let q be l*3*3/(-36). Let m = -68 + q. Calculate the greatest common divisor of 69 and m.
23
Let r = -163 - -163. Suppose 109 = 2*s + 4*g + g, r = 5*s + g - 215. What is the greatest common divisor of s and 378?
42
Suppose 17*p = 15*p + 10. Let z(i) = -i**3 + 8*i**2 - 16. Let q be z(p). Calculate the highest common factor of q and 531.
59
Let z = -4565 - -5223. Calculate the highest common divisor of 846 and z.
94
Suppose -2*t = -4*u - 110, 4*t + t - 227 = -2*u. Suppose -4*m - 1948 = -2136. Calculate the greatest common factor of m and t.
47
Let h(c) = 2*c**2 - 56*c + 270. Let a be h(25). Let k be (-3*4/(-30))/(22/3300). Calculate the highest common factor of a and k.
60
Suppose 1440 = 5*m + 19*m. Suppose 4*d - 142 + 22 = 0. What is the greatest common divisor of m and d?
30
Let o = 45129 - 20112. What is the greatest common factor of o and 93?
93
Let m(b) = -1428*b**3 + 2*b**2 - 16*b - 18. Let n be m(-1). Let o = 51 + 33. What is the highest common divisor of n and o?
84
Suppose -5*p - 35 = -5*h, 7*h - 2*h + 5*p = 35. Let c be 1 - -3*4/6. Suppose c*n + 175 = 8*n. What is the highest common factor of n and h?
7
Let j(s) = s**3 - s**2 - 2*s + 3. Let r be j(2). Suppose -r*d + 170 - 68 = 0. What is the highest common factor of d and 51?
17
Suppose 27 = -8*r + 4*r + 3*d, r + 5*d = -1. Let p = r - -18. Let o be ((-8833)/726 - 2/6)*12/(-5). What is the highest common divisor of o and p?
6
Suppose 50 = -5*g + 2*z, -2*g - z + 29 = -5*g. Let f be (1 + 4/(-6))/(g/(-744)). Calculate the greatest common factor of f and 62.
31
Let x be -4*-2*15/8. Let n(m) = m**2 - 12*m + 4. Let r be n(x). Calculate the highest common factor of 21 and r.
7
Let v(u) = 317*u - 954. Let y be v(7). What is the highest common factor of y and 55?
55
Suppose -10 + 18 = -2*y, 0 = 4*m + 5*y - 10568. Suppose 1027 = -10*r + m. What is the greatest common divisor of r and 108?
54
Suppose 293 + 4 = -30*b + 41*b. Calculate the highest common divisor of 2871 and b.
9
Let n(h) = -h**3 + 8*h**2 + 11*h - 4. Let g be n(8). Suppose 8*i - 185 = 7. Calculate the highest common divisor of i and g.
12
Suppose -58437 = 18*t - 61*t. Calculate the greatest common factor of 302 and t.
151
Suppose 2*z + 107 - 117 = 0. Suppose -z*q - 131 = -1121. Suppose 12*x - 14*x = -q. Calculate the greatest common factor of x and 9.
9
Let h be ((-4)/(-6))/(656/(-3690))*-32. Calculate the greatest common factor of h and 3792.
24
Suppose 16*f = 29129 - 3289. What is the greatest common divisor of 95 and f?
95
Suppose 4*a = -2*k + 3962, 91*a + 9860 = 5*k + 86*a. Let r be (1/3)/((-9)/(12798/(-6))). Calculate the highest common factor of k and r.
79
Let a = 137 + 71. Suppose 299 = -231*g + 254*g. Calculate the greatest common divisor of a and g.
13
Let g = 286 + -271. Let a(f) = 10 - 4 + 25*f - 31*f. Let x be a(-9). Calculate the highest common divisor of x and g.
15
Let d = 89 - 45. Suppose -53 + 51 = -m. Suppose -3*q - 15 - 37 = -5*b, 0 = m*b - 3*q - 19. What is the highest common factor of d and b?
11
Let x = 19 + 7. Suppose 26 = 5*i + x. Suppose i*w - 3*w + 36 = 0. Calculate the greatest common factor of w and 60.
12
Suppose 7*u - 108 = -5*u. Let m be (-1284)/(-9) - u/(-27). Let n be 11 + -2 + 2 + 2. Calculate the greatest common factor of m and n.
13
Let k(m) = 20*m + 7. Let j be k(-3). Let n = -50 - j. Let s be 62/5 - (-6)/(-15). Calculate the greatest common factor of n and s.
3
Let d(f) = -39*f + 5101. Let b be d(123). Let n = -29 - -45. What is the highest common divisor of n and b?
16
Let k(r) = r**2 - 2*r + 4. Let z(d) = d**2 - 2*d - 5. Let i be z(4). Let t be k(i). Let m = 36 - 29. What is the highest common factor of t and m?
7
Suppose 0 = -525*j + 44172 + 453. Let f = -20 + 35. Calculate the highest common factor of j and f.
5
Let b(r) = 3*r + 12. Suppose 0 = 7*p - 2*p + 15. Let u be b(p). Suppose -3*z + i = -88, u*z + 36 = -i + 128. Calculate the highest common divisor of z and 6.
6
Let t be 17*(-28)/833 + 1898/14. What is the highest common factor of t and 155?
5
Let p(t) = 24*t**2 - 62*t + 54. Let i be p(2). Calculate the greatest common factor of i and 1157.
13
Let i(k) = -k**2 + 13*k - 36. Let z be i(8). Suppose -z*q - 4 = 2*b, 0 = q + 3*q + 5*b + 16. Calculate the highest common divisor of q and 5.
1
Let i = -12 - -25. Suppose -14 = -17*u + 54. Suppose 3*f - 41 = -4*a + 332, -a + u*f = -79. What is the highest common divisor of i and a?
13
Let i(h) = -72*h**3 + h**2 + 4*h + 3. Let a be i(-1). Let w = 76 - a. Suppose 2*t = 6*t - 16. What is the greatest common factor of t and w?
4
Let i = 1258 + -1020. Calculate the highest common divisor of 854 and i.
14
Suppose -w = 6*s - 3822, 7695 = 2*w + 106*s - 111*s. Calculate the greatest common factor of 288 and w.
96
Let f = 4 + 12. Let d be (4 + -1036)/(-2) - 4. Suppose -2*i + 6*i = d. What is the highest common divisor of f and i?
16
Suppose -4*y - 5*i + 49 = 0, -4*i + 2 = 4*y - 42. Suppose -94*x + 97*x = y. What is the highest common divisor of x and 4?
2
Let q be (-6)/((-3)/30*4). Suppose -5*l - 575 = -25*l - 3*l. Calculate the highest common factor of q and l.
5
Let c be 85/3 + 78/117. Suppose 9*g - 285 = 2064. Calculate the highest common factor of g and c.
29
Let n(s) = 154*s + 2266. Let k be n(-11). What is the highest common factor of 988 and k?
52
Let a be 0 - (21/49 + 200/7). Let g = a - -34. Suppose -3*y = -x + 58, 0*x - g*y - 113 = -2*x. What is the greatest common divisor of x and 7?
7
Let z(a) = -5*a - 21. Let r be z(-9). Let y be r/(-12) + 12/2. Let k = 44 - y. Calculate the highest common factor of k and 100.
20
Let z = -383 + 391. Calculate the greatest common divisor of 136 and z.
8
Let d(v) = 4*v**2 + 49*v + 2. Let q be 33 + -25 + -8 + 2. Let w be d(q). What is the highest common factor of 4 and w?
4
Let q be ((-130)/(-8))/((-96)/(-384)). Calculate the greatest common factor of q and 17095.
65
Let w be (-40)/((1/(-6))/((-80)/(-120))). What is the highest common factor of 60 and w?
20
Let n(j) = 16 - 7*j**3 - 9*j**2 - 8*j**3 - 9*j**3 - 4*j + 25*j**3. Let y be n(12). What is the greatest common divisor of y and 16?
16
Suppose 39*g + 2*a = 42*g - 4839, 0 = -5*g + a + 8072. What is the greatest common divisor of g and 380?
95
Suppose 6*w = 2*u + 3*w, 5*w = -u + 13. Suppose 2*n = -4*t + 542, -2*t + u*n = -0*t - 291. What is the highest common factor of t and 69?
69
Suppose -4*l - 4*y + 136 = 0, 4*l - 185*y - 104 = -181*y. What is the greatest common divisor of 1320 and l?
30
Let u be (-50)/(-2) + -1 - 0. Let g(z) = z**3 - 13*z**2 + 23*z - 71. Let k be g(13). Calculate the greatest common divisor of u and k.
12
Let u = -326 + 303. Let f = u - -34. What is the highest common factor of 99 and f?
11
Suppose -2*k - c + 989 + 1490 = 0, -3*c = -k + 1236. What is the highest common factor of 7 and k?
7
Let q = -6 - -111. Let o = q - 95. Suppose 0*k + k = -2*z + 1, -4*z - 3*k = 1. What is the highest common factor of z and o?
2
Let o(d) = d**3 - 5*d**2 + 6*d - 5. Let k be o(4). Suppose -2*z - 6*z = z. Suppose z*l = -k*l + 324. What is the highest common divisor of l and 72?
36
Suppose -23 = -4*p + 13. Suppose 5*k + 5*i - p + 84 = 0, 0 = 5*k - 2*i + 40. Let s be 158/4 + 5/k. What is the greatest common divisor of s and 13?
13
Let k(q) = -13*q + 613. Let h be k(38). Calculate the greatest common factor of 3213 and h.
119
Suppose 3*v - 6 = 2*g, -3*v + 6 = -3*g + 5*g. Let i(y) = -y**2 + 1. Let f be i(g). Suppose 0 = -z - 149 + 158. What is the greatest common divisor of z and f?
1
Let y(v) = v**3 + 63*v**2 + 934*v - 64. Let x be y(-39). What is the highest common factor of x and 413?
7
Suppose -6336 = -12*n + 2448. Calculate the highest common divisor of 610 and n.
122
Let z = -5743 + 5756. What is the highest common divisor of 8333 and z?
13
Let h be -4 + 2 + 5 + 15. Let f be 30/(-7) - h/(-63). Let i be (12 - 3) + 4/(-8)*f. What is the greatest common factor of 88 and i?
11
Suppose 2*f = 10, -8*b - 2*f = -5*b - 379. Suppose 34*l - 285 = b. Calc